) = 102*t**2 + t. Calculate the remainder when 484 is divided by j(-1).
80
Let j = 131 - 126. Suppose 0 = -15*z + j*z + 60. What is the remainder when z is divided by 3?
0
Suppose 0 = -4*s + 4*y + 8, 0 = 4*s - 5*y + 2 - 9. Suppose -s*x = k + 2*x - 30, -4*x = k - 29. Calculate the remainder when 74 is divided by k.
24
Let c(r) = r**2 + 66*r + 633. Calculate the remainder when c(-60) is divided by 44.
9
Suppose -13*k - 39*k + 589 = -33*k. Let o(x) = -x**3 + 7*x**2 + 5*x - 8. What is the remainder when o(6) is divided by k?
27
Calculate the remainder when (133748/102)/((-2)/(-3)) + (-820)/(-6970) is divided by 24.
23
Suppose 0 = -19*s + 3962 - 1758. What is the remainder when s is divided by 38?
2
Let v(r) = r**3 - 11*r**2 + 12*r + 6. Suppose 2*s - 5*s = -117. Suppose 0 = 5*y - s - 31. What is the remainder when v(10) is divided by y?
12
Let s = 126 + -124. Suppose -4*x + 36 = s*u, 3*x - 5*u = -2*x + 45. Suppose -2*p = 3*z - 92, 0*z + p - 158 = -5*z. What is the remainder when z is divided by x?
5
Suppose 4*n - 16 = -32. Let h be (-7 - n) + (-1 - -201). Let k = 295 - h. What is the remainder when k is divided by 25?
23
Suppose 16*k + 1136 = 72*k + 72. Calculate the remainder when 1930 is divided by k.
11
Let q(m) = m**3 + 2*m**2 - 130*m + 62. What is the remainder when 666 is divided by q(-9)?
1
Suppose -60*d = -64*d - 4*y + 26096, 0 = d - 4*y - 6534. Calculate the remainder when d is divided by 142.
136
Suppose -3*r + j + 25 = 0, 0 = -5*r - 23*j + 26*j + 43. What is the remainder when 773 is divided by r?
5
Let a be (-15)/(-60) + (-1)/4. Suppose a = 2*u + y - 46, 4*y - 109 = -5*u - 0*u. What is the remainder when 83 is divided by u - 3/((-6)/(-8))?
20
Suppose r = -z + 19, -1 = z + 3. Let n(v) = 7*v - 679. Let g(x) = x - 136. Let y(j) = 21*g(j) - 4*n(j). What is the remainder when r is divided by y(-22)?
9
Suppose 3*u + 118 = x + 16, 5*x - 590 = -u. Let k = -77 + x. What is the remainder when 197 is divided by k?
37
Suppose -w + 125 = l, 34 = 2*l - 2*w - 212. What is the remainder when l is divided by 4/(-5)*(405/6)/(-3)?
16
Suppose 2*f - 27 = -11. Suppose 3*b = -4*y + 122, 5*y - 170 = 5*b - 0. Calculate the remainder when y is divided by f/(-2) + (1 - -12).
5
Let l = 332 + 61. Let t = l - 387. Let m(x) = 3*x**2. Calculate the remainder when m(2) is divided by t.
0
Let y be 238/(-49) + 1/(-7) + 806. Let b = 881 - y. What is the remainder when 557 is divided by b?
77
Let c be 171/36 + (-6)/8. Let n be (-5 + -9)*c/(-14). Suppose -5*u + 12 = -n*u - 5*z, -2*z = -2. Calculate the remainder when 30 is divided by u.
13
Let p(w) = -w**3 - w**2 - w + 63. What is the remainder when p(0) is divided by ((-16)/(-40) - (198/20 - 4))*-2?
8
Let o = 29790 - 29647. Calculate the remainder when 352 is divided by o.
66
Let p = 680 - 548. Suppose 0 = -2*b - 4*n + 26, -5*b + 4*n = -3 - p. What is the remainder when 41 is divided by b?
18
Calculate the remainder when 4164/(-15)*(-505)/202 is divided by 30.
4
Let w = -41776 + 41848. Let u = 303 - 165. Calculate the remainder when u is divided by w.
66
Suppose -3*v + 4*a - 21 = 25, -5*v - 3*a = 38. What is the remainder when 4/v + 3668/20 is divided by (376/(-12))/((-4)/6)?
42
What is the remainder when 476 - (79/(-9) + 2*12/(-108)) is divided by 482?
3
Let p = -6 + 20. Suppose -65*z + 944 = 229. Suppose -z*k + 157 = 102. What is the remainder when p is divided by k?
4
Suppose 10*b = -5*c + 14*b + 367, 2*b + 351 = 5*c. What is the remainder when 436 is divided by c?
34
Suppose 15*n - 97*n - 325*n = -489214. What is the remainder when n is divided by 298?
10
Suppose -1598*n + 1603*n = 2565. Calculate the remainder when n is divided by 162.
27
Calculate the remainder when 1309 is divided by ((-77)/(-70))/((-24)/(-720)).
22
Suppose -2*y - c - 19 + 47 = 0, 5*c = y - 14. What is the remainder when 36 is divided by y?
8
Calculate the remainder when 851 is divided by 104/18 - 322/(-1449).
5
Suppose 128 = 14*o + 30. Suppose 4*u = y + 6 + 29, 0 = 13*u + 4*y - 63. What is the remainder when u is divided by o?
0
Suppose -3 - 12 = -3*m. Suppose 3*q - 169 = 2*p, -2*p + 287 = -0*q + m*q. What is the remainder when q is divided by 15?
12
Let n = -236 + 242. Suppose -2828 = n*m - 20*m. What is the remainder when m is divided by 34?
32
Suppose 384 = 2*y + 2*a, 723 = 58*y - 54*y - 5*a. What is the remainder when y is divided by 119?
68
Suppose 0 = 2*x - 4*x + 5*v - 210, 6 = -3*v. Let r = 58 + x. Let i = -18 - r. What is the remainder when 67 is divided by i?
33
Let y(n) = -257*n. Let j be y(-4). Suppose -248 = -29*x + j. Calculate the remainder when 125 is divided by x.
37
Let r be 30*(3*15/10 - 6). What is the remainder when 293 is divided by 300/r*6/(-5)?
5
Let t(i) = -224*i - 485. What is the remainder when t(-7) is divided by 9?
3
What is the remainder when 362 is divided by (-25)/(-25) + (119 - (2 + 0))?
8
What is the remainder when (4 - (-11740)/6)*(-12)/(-8) is divided by 27?
25
Let g be 1*(-2 + 1)*(-6 - -6). Let d be (g - 4/(-6))*69/2. Suppose -2*z - 4*f = -132, 4*f + d = 3*z - 125. What is the remainder when 107 is divided by z?
51
Let h(k) = -35*k - 560. Calculate the remainder when 67 is divided by h(-17).
32
Suppose 0 = -0*r - 2*r + 3*l + 116, 2*l = r - 60. Suppose 7*h - 2*h - 275 = 0. Let s = h - r. What is the remainder when s is divided by 2?
1
Let r = -51 - -117. Let b = r - 7. Let p = b + -34. What is the remainder when p is divided by 10?
5
Suppose 0 = -h - 2*f + 4, 5*h = 3*f - 4*f + 47. Let s(d) = -2*d**3 + 21*d**2 - 5*d - 22. Calculate the remainder when 531 is divided by s(h).
27
Let l(d) = -3*d**2 - 66*d + 16. Let b be l(-22). Suppose 0 = 19*r - b*r - 27. What is the remainder when 32 is divided by r?
5
Let f(q) = -267*q - 2556. What is the remainder when f(-14) is divided by 84?
6
What is the remainder when 1527*3 - (13 - (-11 + 15)) is divided by 19?
12
Let m(h) = -h + 3. Let j be m(-4). Let u be (-6)/4*8*(-2)/6. Suppose 0 = 3*l - j*l - 4*d + 100, u*l + 2*d = 94. Calculate the remainder when 39 is divided by l.
17
Suppose v = -5*j + 101 - 34, -j + 98 = 2*v. Calculate the remainder when 48 is divided by v.
1
Suppose 0 = -a + c - 224 + 289, 268 = 4*a - 5*c. Calculate the remainder when a is divided by 18.
3
Suppose 4*k + 14923 = 15043. What is the remainder when 11577 is divided by k?
27
Let w be ((-1)/(2/(-84)))/((-4)/(-80)). Suppose 0 = -16*j - 5*j + w. What is the remainder when 154 is divided by j?
34
Suppose l = -4*b + 1743 - 150, -10*b + 3978 = -2*l. What is the remainder when b is divided by 7?
6
Suppose -d + 596 = 2*x, -24*x + 25*x + 2*d = 292. What is the remainder when x is divided by 86?
42
Let d(k) = -k**2 + 12*k + 376. Calculate the remainder when 231 is divided by d(-12).
55
Let z = -12 + 45. Let g(l) = 4635*l + 81. Calculate the remainder when g(0) is divided by z.
15
Let f = 179 - -91. Suppose -3*k = -f - 87. What is the remainder when k is divided by (-208)/(-7) - (-6)/21?
29
Let b(y) = 57*y + 2. What is the remainder when b(1) is divided by 23?
13
Suppose -2*a - 5*l - 34 + 38 = 0, 3*a - 6 = 5*l. Suppose -a*b = 3*r - 1527, 16*r = 11*r + b + 2532. Calculate the remainder when r is divided by 85.
82
Let g(y) = 27*y - 114. What is the remainder when 8/12 + (-3)/((-18)/224) is divided by g(5)?
17
Suppose 3*d + 290 = -4*y, -5*d - 485 = 4*y + y. Let g = d - -100. Calculate the remainder when 14 is divided by g.
0
Let c = -432 - -508. Suppose 4*w = -4*l + l + 60, 29 = 2*l - w. What is the remainder when -3 + c + 7 - 3 is divided by l?
13
Let a = -3838 + 4672. Calculate the remainder when a is divided by 208.
2
Suppose 5*z = 3*a + 491, 0 = 4*z + 5*a - 273 - 68. What is the remainder when 40231 is divided by z?
93
Suppose -k + 5 = -0*k + 4*m, -m = 5*k - 44. Let h = 240 - 68. Suppose -6*x = -92 - h. What is the remainder when x is divided by k?
8
Let q(w) be the first derivative of w**3 - 4*w**2 - 4*w - 63. What is the remainder when 45 is divided by q(4)?
9
Let x(g) = 2*g**3 + 7*g**2 + 10*g + 1. Let y be x(-3). Let f(j) = -26*j + 30 + j**2 + 3*j - 2 - 2*j**2. Calculate the remainder when f(y) is divided by 18.
16
Suppose 0 = -15*m + 616 + 4694. Suppose 0 = 348*f - m*f + 246. What is the remainder when f is divided by 14?
13
Suppose -145 = -46*d + 41*d. Let o(r) = -90*r - 190. Let l(n) = -10*n - 21. Let y